= -1256*c + 4365. List the prime factors of y(-3).
3, 2711
Let c = 3905 + -2431. Suppose 0 = -5*x + 4*f + 2331, -c - 849 = -5*x + 2*f. What are the prime factors of x?
463
Let y be ((-9)/(-6))/((-3)/96*-6). Suppose -3*l + y = l. List the prime factors of (8/(-3) + l)/(12/(-2466)).
137
Suppose -w - 454*q + 449*q = -54375, -271971 = -5*w - q. What are the prime factors of w?
5, 11, 23, 43
Suppose 3*r - 42871 = 4*c, -389*r = -385*r + 4*c - 57152. What are the prime factors of r?
3, 11, 433
Suppose -10*r - 55 + 185 = 0. Let d = r + 274. List the prime factors of d.
7, 41
Let t be -60*((-8)/2)/(-2). Let q = -89 - t. Suppose 0 = -w + q - 10. List the prime factors of w.
3, 7
Let l be -203*(324/(-126) - 0/1). Let q = 884 - l. List the prime factors of q.
2, 181
Let v be (-1)/((-4804)/(-2400) + -2). Let a be 8/10*v/(-10). Suppose -5*w - a + 193 = 0. List the prime factors of w.
29
Let d(y) = 3*y - 1. Let i be d(20). Suppose 65*l - i*l = -690. Let q = 77 - l. List the prime factors of q.
2, 3
Let z = -66491 + 95863. What are the prime factors of z?
2, 7, 1049
Let l(d) = 3*d**2 - 8*d + 41. Let k be l(7). List the prime factors of 123048/k + 8/(-44).
2, 233
Let m(d) = -44*d + 8. Let c be m(-1). Suppose -48*k = -c*k + 24. Suppose -476 = -k*b + 472. List the prime factors of b.
2, 79
Let s(d) = -1453*d + 14. Let o(x) = -2*x**2 + 47*x - 67. Let p be o(22). What are the prime factors of s(p)?
3, 163
Let x(k) = 2*k + 45. Let l be x(-22). Suppose 67 + l = d. List the prime factors of (35/5 - 3) + d.
2, 3
Suppose -123*z + 125*z - 5590 = 0. Let v = -1384 + z. List the prime factors of v.
17, 83
Let a = 1997 + 834. What are the prime factors of a?
19, 149
Suppose 0 = 5*l - 20, -5*i - 2*l = -26872 - 2881. What are the prime factors of i?
3, 661
Let u(i) be the third derivative of i**5/6 - i**3/2 - 9*i**2. What are the prime factors of u(6)?
3, 7, 17
Suppose 3*a - 36*l - 33568 = -40*l, -a - 4*l = -11192. List the prime factors of a.
2, 2797
Suppose -10*a + 157313 = 10813. List the prime factors of a.
2, 5, 293
Suppose -1 = -z, 2851 = 5*p - z - 168. Let t = p - 96. Suppose -3*w + 176 + t = 0. What are the prime factors of w?
2, 3, 19
Suppose -3*i = -i + 10, 0 = 2*t + 5*i - 2431. Suppose -4*x = 4*l - t, 3*x + 424 = -2*l + 1036. List the prime factors of l.
3, 103
Let s(r) = -199*r**3 + 47*r**2 + 214*r + 8. List the prime factors of s(-5).
2, 6247
What are the prime factors of -6*(-6009)/(-9)*(-3)/10*5?
3, 2003
Suppose 477*x - 7127886 = 5551251. List the prime factors of x.
19, 1399
Suppose -34*s - 115907 = 30*s - 3107459. List the prime factors of s.
3, 15581
Let v be (-5)/(-20) - ((-1785)/(-12))/(-5). Let d be 6/v - (-1 + 27/(-15)). Suppose -d*m + 291 = 5*i, 0*m = -5*m - 5*i + 495. List the prime factors of m.
2, 3, 17
Let v(a) = a - 6. Let s be v(3). Let m be (s/4)/((-11)/(-44)) - -49. Suppose -259 = -3*z - m. What are the prime factors of z?
71
Suppose 188*c = 5*c - 51*c + 3185676. List the prime factors of c.
2, 3, 2269
Let d(l) be the third derivative of -l**6/120 + 13*l**5/60 - 3*l**4/4 + 23*l**3/6 - 14*l**2. Let a be d(12). Let v = 28 - a. What are the prime factors of v?
7, 11
Let l be -4*(3 - 44/16). Let g be ((-1)/l)/((-3)/(-15)). Suppose n - 2*n + 52 = 4*j, g*n - 304 = 2*j. What are the prime factors of n?
2, 3, 5
What are the prime factors of (-3 - (-10 - -7) - -61536) + (8 - 2)?
2, 3, 13, 263
Let f(n) = 3*n**3 - 14*n**2 + 7*n - 25. Suppose 2*u - q + 38 = 6*u, 0 = 4*u - q - 42. What are the prime factors of f(u)?
5, 7, 47
Let v(d) = -d**2 + 19*d - 81. Let h be v(12). Suppose 0 = 2*k + h*t - 1182, 3*k = -3*t + 7*t + 1773. What are the prime factors of k?
3, 197
Suppose -4361 = -5*n - 2*s, n + 3*s - 863 = 17. Let v = n - 167. List the prime factors of v.
2, 11
Suppose 0 = -47*k + 43*k - 320. What are the prime factors of 627/15 - 16/k?
2, 3, 7
Let h be (-1)/(4/16) + 8. Suppose 8772 = 5*z + i - 6904, -9392 = -3*z - h*i. What are the prime factors of z/18 + (-22)/99?
2, 3, 29
Suppose 0 = 5*y - 2*y - 624. Suppose -x - 2*x = h + 135, 5*x + y = 4*h. Let o = x + 154. What are the prime factors of o?
2, 5, 11
Let v be ((6/9)/2)/(8/120). Let u(p) = v - 4*p + 4*p - 4*p. List the prime factors of u(-8).
37
Let v = -20122 + 43522. List the prime factors of v.
2, 3, 5, 13
Let w(c) = -1203*c - 4052. What are the prime factors of w(-9)?
5, 271
Let j be 1 - 26/2*(-6)/3. Let c be 3/(j/(-2)) - (-14)/63. Suppose c = -3*u - 0*u + 12. List the prime factors of u.
2
Let u(c) = c + 55*c**2 + c**3 - 47*c**2 - 10*c + 9. Let w be u(-9). List the prime factors of (960/w - (-1)/3)*1.
107
Let p(j) = 3390*j + 3. What are the prime factors of p(6)?
3, 6781
List the prime factors of (70/(-60)*(-30)/5)/(5/6185).
7, 1237
Let x(w) = w**2 + 17*w + 57. Let u(s) = s**2 + 17*s + 55. Let z(t) = 4*u(t) - 5*x(t). Let k be z(-7). List the prime factors of (4/4)/(k/215).
43
Let j = -326 - -221. Let q = -108 - j. List the prime factors of -7*23*3/q.
7, 23
Suppose -28*p + 130 = -23*p. Let z = 28 - p. What are the prime factors of (-886)/(-18) - z/9?
7
Suppose 3*f + i = -662 + 2752, 3*f - 5*i - 2078 = 0. What are the prime factors of f?
2, 3, 29
Suppose 16 = -4*t, -5*t - 4520 = -5*p + 2*p. Suppose -5*v + 3445 = -p. What are the prime factors of v?
23, 43
Let c(p) = p**3 - 5*p + 3. Let o be ((-3)/2)/(11/((-1430)/15)). Let y(s) = -3*s + 44. Let x be y(o). What are the prime factors of c(x)?
103
Let j(s) = s**2 - 21*s + 12. Let z be j(11). Let g = -118 - z. What are the prime factors of 27/(-3)*(5 + g)?
3, 5
Let w be -58 - -60 - (-1 + 14/(-2)). List the prime factors of (-1622)/(-4) - (-15)/w.
11, 37
Let d = 14527 - 8332. List the prime factors of d.
3, 5, 7, 59
Let a = 36 + 236. Suppose 2*r - 360 = 5*j, 3*r - 285 = -j + a. List the prime factors of r.
5, 37
Suppose 6*z = z + 135. What are the prime factors of 2/(-6) + 13455/z?
2, 3, 83
Suppose -479 = 4*k + 345. Let b = k - -403. Suppose -5*m + 298 = -b. What are the prime factors of m?
3, 11
Let b = 6537 - 1373. What are the prime factors of b?
2, 1291
Let t be -58*6/12*(1 + 2). What are the prime factors of (t/5)/(48/(-160))?
2, 29
Suppose -41 + 7 = -r + 3*h, -5*r + h + 100 = 0. List the prime factors of 1073 - (r - 22)*(-4)/(-3).
3, 359
Let m(h) = 2*h**2 - 4*h - 5. Let s be m(3). Let t be (-4)/(-6)*3 + -13 + s. Let g(y) = -5*y - 6. What are the prime factors of g(t)?
2, 11
Let g = 25185 + -4752. What are the prime factors of g?
3, 7, 139
Suppose 6*g = 329 + 319. Let o = g - -281. List the prime factors of o.
389
Let b(j) = 113*j**3 - 3 - 19*j**2 - 112*j**3 - 11*j**2 + j - 24*j. List the prime factors of b(31).
5, 7
Let z(k) = 245*k**2 + 94*k - 272. List the prime factors of z(3).
5, 443
Suppose -12*s + 154*s = 1692640. What are the prime factors of s?
2, 5, 149
Suppose -2*n + 278 = -p + 5*p, 0 = -p - n + 67. List the prime factors of p.
2, 3
List the prime factors of (106/(-10))/(19/(-3610)*19).
2, 53
Let y(z) = -z**2 + 49*z - 563. Let w be y(19). Suppose -5*g - 279 + 784 = 0. Suppose -361 - g = -w*m. List the prime factors of m.
2, 3, 11
Let d = 769 + -714. Let q(g) = 3*g**2 - 2*g + 4. Let p be q(4). Suppose -4*l = x - d - p, 5*l + 4*x - 110 = 0. What are the prime factors of l?
2, 13
Let q(p) = -2*p + 18. Let k be q(10). Let t be 9/6 - (-219)/k. Let b = t + 113. List the prime factors of b.
5
Let h be 20/(-50) + 432/30. Let c(j) = -2*j**2 + 35*j - 27. What are the prime factors of c(h)?
71
Suppose 5*s + 5*u - 7250 = 0, 0 = 2*u + 2*u. Let q = s + -374. What are the prime factors of q?
2, 269
Let c(i) = i**3 - 5*i**2 - i - 26. Let m be c(6). Suppose m*w + 840 = w. Let d = w + 410. List the prime factors of d.
2, 5, 13
Let v be (6 - 21)/((-6)/(-16)). Let g = v + 65. What are the prime factors of (-5)/(g/(-2)) + (-2012)/(-20)?
101
Let a(o) = 13*o**2 - o. Let n be a(-1). Suppose 0 = 8*u - n*u - 636. Let b = u - -181. What are the prime factors of b?
3, 5
Let h be 1/(7/45) - (-6)/(-14). Let j be ((-8)/h)/(8/(-12)). List the prime factors of 25*j*9/12*2.
3, 5
Let x = -1928 - -5299. What are the prime factors of x?
3371
Let y(u) = 655*u + 223. List the prime factors of y(3).
2, 547
Suppose 2*g + 44 = -3*h - 2*h, 0 = 2*h - 5*g + 35. Let c = 11 + h. Let i(p) = 175*p - 1. List the prime factors of i(c).
2, 3, 29
Let o(q) = 81*q**3 - 33 - 41*q**3 - 41*q**3 